128012?
False
Is 411 a factor of 1657585?
False
Is 160 a factor of 144141?
False
Is 72 a factor of 557990?
False
Is 210665 a multiple of 91?
True
Does 119 divide 1161202?
True
Does 117 divide 23970960?
True
Is 3 a factor of 134927?
False
Is 70813 a multiple of 59?
False
Is 3499489 a multiple of 2?
False
Is 271 a factor of 219327?
False
Is 297432 a multiple of 6?
True
Does 877 divide 3850907?
True
Does 103 divide 10015013?
False
Does 61 divide 1048106?
False
Is 2 a factor of 37508?
True
Is 6379692 a multiple of 51?
True
Does 25 divide 6619008?
False
Does 6 divide 548168?
False
Does 46 divide 39150?
False
Does 108 divide 4883652?
True
Is 1463595 a multiple of 21?
True
Is 1107901 a multiple of 26?
False
Is 1066847 a multiple of 27?
False
Is 285293 a multiple of 31?
True
Is 92 a factor of 66191?
False
Is 447412 a multiple of 14?
True
Does 13 divide 3935100?
True
Is 13 a factor of 47825592?
False
Is 12 a factor of 2497248?
True
Is 119145 a multiple of 18?
False
Is 77 a factor of 2229535?
True
Does 7 divide 29134?
True
Does 48 divide 861840?
True
Does 6 divide 634260?
True
Does 1454 divide 8292609?
False
Does 28 divide 6967156?
True
Does 466 divide 8504034?
True
Is 13113 even?
False
Is 136527 a multiple of 173?
False
Does 29 divide 3324676?
True
Does 267 divide 358644?
False
Is 190 a factor of 38878?
False
Is 38064 a multiple of 13?
True
Is 115 a factor of 65119?
False
Is 12 a factor of 145566?
False
Does 44 divide 44123?
False
Does 186 divide 41993?
False
Does 361 divide 54511?
True
Is 32 a factor of 498752?
True
Is 2418468 a multiple of 601?
False
Does 147 divide 887288?
False
Does 18 divide 1776384?
True
Is 215941 a multiple of 19?
False
Is 60475 a multiple of 59?
True
Is 25 a factor of 649394?
False
Does 8 divide 360696?
True
Is 102 a factor of 3542897?
False
Is 5051828 a multiple of 965?
False
Is 2085680 a multiple of 13?
False
Is 488560 a multiple of 16?
True
Is 108775 a multiple of 77?
False
Is 201 a factor of 118446?
False
Is 71 a factor of 136674?
False
Is 66 a factor of 527283?
False
Does 5 divide 306059?
False
Is 208 a factor of 113935?
False
Is 88 a factor of 28248?
True
Is 392 a factor of 764633?
False
Does 124 divide 3211848?
True
Is 33 a factor of 418242?
True
Does 40 divide 231680?
True
Does 25 divide 11150?
True
Is 157 a factor of 268131?
False
Is 600 a factor of 3934200?
True
Does 41 divide 348466?
False
Does 5 divide 37505?
True
Is 7224 a multiple of 56?
True
Is 137371 a multiple of 36?
False
Does 202 divide 1906261?
False
Does 2617 divide 22476555?
False
Is 9627 a multiple of 15?
False
Is 32 a factor of 66848?
True
Is 1294 a factor of 2155156?
False
Is 267 a factor of 254985?
True
Does 13 divide 590928?
True
Is 1434765 a multiple of 505?
False
Is 11689920 a multiple of 288?
True
Does 575 divide 1783305?
False
Does 77 divide 35137?
False
Does 301 divide 976444?
True
Is 3057244 a multiple of 24?
False
Does 3 divide 103343?
False
Is 355630 a multiple of 55?
True
Does 5 divide 310191?
False
Does 6 divide 120860?
False
Is 47150 a multiple of 82?
True
Is 620 a factor of 1034092?
False
Is 6446486 a multiple of 23?
True
Does 117 divide 1310166?
True
Is 121272 a multiple of 732?
False
Does 26 divide 5248880?
True
Is 82663 a multiple of 63?
False
Does 20 divide 21080?
True
Is 63752 a multiple of 13?
True
Is 1271504 a multiple of 52?
True
Is 3141461 a multiple of 101?
False
Is 17947171 a multiple of 341?
True
Does 30 divide 4410630?
True
Is 469 a factor of 157584?
True
Does 29 divide 10767?
False
Does 3 divide 409303?
False
Is 66 a factor of 343217?
False
Is 121 a factor of 17261160?
False
Is 103725 a multiple of 45?
True
Does 375 divide 384048?
False
Is 77 a factor of 1243935?
True
Does 435 divide 9345540?
True
Is 33 a factor of 27951?
True
Does 194 divide 1401844?
True
Is 123582 a multiple of 43?
True
Is 5 a factor of 1474580?
True
Is 434 a factor of 634?
False
Does 220 divide 248804?
False
Is 39 a factor of 583299?
False
Does 14 divide 313540?
False
Is 267177 a multiple of 208?
False
Is 1547136 a multiple of 48?
True
Does 74 divide 2639109?
False
Is 869085 a multiple of 15?
True
Is 654007 a multiple of 289?
True
Is 3448675 a multiple of 216?
False
Is 755220 a multiple of 614?
True
Does 268 divide 144513?
False
Is 26 a factor of 221364?
True
Is 6004576 a multiple of 283?
False
Is 277 a factor of 18836?
True
Is 38266 a multiple of 4?
False
Is 41157 a multiple of 70?
False
Is 267466 a multiple of 27?
False
Is 517276 a multiple of 17?
True
Is 35 a factor of 22266267?
False
Is 847763 a multiple of 163?
True
Does 10 divide 99826?
False
Is 23 a factor of 43378?
True
Does 5 divide 13570?
True
Does 40 divide 100667?
False
Is 10475 a multiple of 3?
False
Is 101799 a multiple of 9?
True
Is 253 a factor of 1197072?
False
Is 223 a factor of 619401?
False
Is 24 a factor of 291960?
True
Does 97 divide 310206?
True
Does 19 divide 414523?
True
Is 48 a factor of 8448?
True
Is 20 a factor of 572760?
True
Is 27 a factor of 19873?
False
Is 48 a factor of 7372741?
False
Is 335888 a multiple of 112?
True
Is 8 a factor of 95646?
False
Is 14 a factor of 55272?
True
Is 12 a factor of 177288?
True
Does 255 divide 3946957?
False
Is 5 a factor of 11356680?
True
Is 1566086 a multiple of 32?
False
Is 882170 a multiple of 238?
False
Is 21469831 a multiple of 1372?
False
Is 842 a factor of 5947888?
True
Is 110 a factor of 95942?
False
Is 4 a factor of 2465158?
False
Is 88012 a multiple of 305?
False
Is 10 a factor of 88200?
True
Is 1680 a multiple of 21?
True
Is 27 a factor of 845386?
False
Is 4938670 a multiple of 44?
False
Does 960 divide 6018314?
False
Is 31 a factor of 6014?
True
Does 12 divide 18286209?
False
Does 759 divide 646668?
True
Is 194 a factor of 2534487?
False
Is 561098 a multiple of 71?
False
Is 7 a factor of 381745?
True
Is 714 a factor of 3682098?
True
Is 208950 a multiple of 175?
True
Does 17 divide 9523706?
True
Does 455 divide 1071525?
True
Does 11 divide 4917873?
False
Is 5193 a multiple of 105?
False
Is 1011514 a multiple of 52?
False
Is 80352 a multiple of 162?
True
Does 215 divide 391515?
True
Does 12 divide 72540?
True
Does 150 divide 1342925?
False
Is 113490 a multiple of 154?
False
Does 55 divide 308545?
False
Does 4 divide 808859?
False
Is 915740 a multiple of 35?
True
Is 362 a factor of 7964?
True
Is 293 a factor of 3669014?
False
Is 2 a factor of 2099315?
False
Is 25475 a multiple of 9?
False
Is 442 a factor of 2137954?
True
Is 132 a factor of 384120?
True
Is 391363 a multiple of 659?
False
Is 548 a factor of 9491360?
True
Is 83 a factor of 16012775?
True
Is 503078 a multiple of 14?
False
Is 274008 a multiple of 176?
False
Does 12 divide 1426362?
False
Is 60 a factor of 1002023?
False
Is 98383 a multiple of 8?
False
Is 372500 a multiple of 25?
True
Is 1271945 a multiple of 20?
False
Does 3 divide 421415?
False
Does 10 divide 435830?
True
Is 271 a factor of 263387?
False
Is 18 a factor of 277148?
False
Is 4 a factor of 44236?
True
Does 3 divide 21004?
False
Is 366160 a multiple of 191?
False
Is 3 a factor of 92183?
False
Is 907 a factor of 1299971?
False
Is 15 a factor of 811890?
True
Is 8156 a multiple of 2?
True
Is 544183 a multiple of 7?
False
Is 25409539 a multiple of 29?
True
Does 40 divide 542348?
False
Does 21 divide 16738144?
False
Does 13 divide 3717332?
False
Is 95 a factor of 853005?
True
Is 50 a factor of 664350?
True
Is 167807 a multiple of 360?
False
Does 261 divide 674418?
False
Is 2402357 a multiple of 168?
False
Does 62 divide 1138010?
True
Does 41 divide 854337?
False
Is 79 a factor of 1709560?
True
Is 26308717 a multiple of 23?
False
Does 4 divide 50024?
True
Is 155826 a multiple of 33?
True
Is 56544 a multiple of 19?
True
Is 2609355 a multiple of 35?
True
Does 90 divide 305531?
False
Is 51 a factor of 133459?
False
Is 708 a factor of 2519772?
True
Does 616 divide 4987191?
False
Is 62 a factor of 66836?
True
Is 15904 a multiple of 295?
False
Is 25048786 a multiple of 14?
True
Does 176 divide 434016?
True
Does 25 divide 46225?
True
Does 4 divide 111612?
True
Is 176232 a multiple of 171?
False
Is 22 a factor of 18286246?
True
Does 49 divide 14680169?
False
Is 25947 a multiple of 6?
False
Does 9 divide 1566963?
True
Does 13 divide 385372?
True
Is 10 a factor of 8990?
True
Is 9 a factor of 23220?
True
Does 417 divide 89